NOAA-Style Climate Reports

Select a Year or Month report
V/Λ2019 > Jan Feb Mar Apr May Jun Jul Aug Sep Oct Nov Dec
V/Λ2018 > Jan Feb Mar Apr May Jun Jul Aug Sep Oct Nov Dec

Report for 2019 Jan
                   Monthly Climatological Summary for Jan 2019

Name: Whetstone Weather   City: Leicester   State: England
Elevation: 68 m  Lat: N 52 34 33   Lon: W 001 10 41

                  Temperature (°C), Rain (mm), Wind Speed (mph)

                                      Heat  Cool        Avg
    Mean                              Deg   Deg         Wind                 Dom
Day Temp  High   Time   Low    Time   Days  Days  Rain  Speed High   Time    Dir
----------------------------------------------------------------------------------
01   7.5  11.0   13:13  -0.3   23:14  10.8   0.0   0.0   1.2  11.4   12:31   WNW
02   4.5   5.9   12:47   0.8   00:00  13.8   0.0   0.0   0.4   6.9   11:09   NNW
03   3.3   4.5   11:07   1.3   21:21  15.0   0.0   0.0   0.1   3.8   11:43   WNW
04   0.9   3.8   22:24  -3.5   06:30  17.4   0.0   0.0   0.5   6.9   12:31     W
05   4.9   6.3   17:34   3.6   07:13  13.4   0.0   0.0   0.6   7.6   08:25     W
06   7.7  10.6   12:39   5.0   02:11  10.6   0.0   0.0   0.6   7.6   12:50     W
07   9.0  11.7   14:29   6.1   07:02   9.3   0.0   0.0   2.3  19.0   19:26     W
08   6.8   9.2   12:14   1.9   23:57  11.5   0.0   0.3   3.6  19.7   01:11     W
09   2.7   6.0   13:14  -1.0   23:59  15.6   0.0   0.0   1.3   9.8   13:02   WNW
10   3.6   7.4   20:09  -2.0   01:45  14.7   0.0   0.0   0.4   6.9   20:03     W
11   6.5   8.0   12:43   5.0   08:13  11.8   0.0   0.6   0.5   7.6   13:58     W
12   9.0  11.4   23:26   7.1   00:00   9.3   0.0   2.4   2.2  17.4   23:31     W
13  10.0  11.7   14:39   7.4   23:22   8.3   0.0   1.2   4.4  26.6   18:21     W
14   6.7   9.8   13:23   2.7   23:01  11.6   0.0   0.3   2.2  17.4   01:37     W
15   7.2  10.8   11:46   2.6   03:19  11.1   0.0   0.0   1.7  11.4   22:52    SW
16   6.5  10.3   11:57   1.6   21:41  11.8   0.0   2.7   2.2  18.3   05:40   SSW
17   1.9   4.6   12:15  -1.9   23:57  16.4   0.0   0.0   1.8  18.3   06:23     W
18   2.0   5.1   14:27  -2.2   07:22  16.3   0.0   0.0   2.2  13.6   19:51    SE
19   3.4   4.4   13:20   2.0   05:12  14.9   0.0   3.3   2.1   9.8   00:03   ESE
20   2.7   4.9   13:39   0.1   22:55  15.6   0.0   0.0   0.2   6.0   16:23   NNE
21   3.7   7.0   13:13   0.6   00:00  14.6   0.0   0.9   1.8  15.9   23:16   SSE
22   2.3   5.7   11:24  -0.5   06:52  16.0   0.0   3.6   1.0  17.4   00:28    SW
23   0.4   4.9   12:32  -2.9   22:17  17.9   0.0   0.3   0.8   8.3   03:04   WNW
24   2.2   5.6   14:43  -2.1   00:00  16.1   0.0   8.7   0.1   7.6   23:39     W
25   8.2  11.5   13:49   3.2   00:47  10.1   0.0   1.5   1.4  13.6   09:58     W
26   8.4  10.4   12:43   6.3   07:29   9.9   0.0   1.2   2.4  18.3   14:07     S
27   5.2   6.9   00:00   3.0   05:41  13.1   0.0   4.5   5.9  27.3   13:29     W
28   2.1   5.7   12:54  -1.0   23:25  16.2   0.0   0.0   2.1  42.9   16:10     W
29   1.5   5.0   14:21  -0.5   05:22  14.7   0.0   3.6   0.9  10.7   14:30   SSW
30  -0.7   4.4   12:48  -4.3   23:59  19.0   0.0   0.3   0.4   7.6   13:23     W
31  -1.5   2.3   12:03  -7.0   05:41  19.8   0.0   0.0   1.3  14.5   22:55    NE
----------------------------------------------------------------------------------
     4.5  11.7     7    -7.0    31   426.6   0.0  35.4   1.6  42.9    28     WSW

Max >=  27.0  0
Max <=   0.0  0
Min <=   0.0 13
Min <= -18.0  0
Max Rain: 8.7 on day 24
Days of Rain: 16 (>= 0.2 mm)  7 (>= 2.0 mm)  0 (>= 20.0 mm)
Heat Base: 18.3  Cool Base: 18.3  Method: Integration
:now::gauges::today::yesterday::this month::this year::records::monthly records::top 10 records::NOAA reports::trends::forum:


Page updated 27/03/2019 00:39:48
powered by Cumulus