NOAA-Style Climate Reports

Select a Year or Month report
V/Λ2019 > Jan Feb Mar Apr May Jun Jul Aug Sep Oct Nov Dec
V/Λ2018 > Jan Feb Mar Apr May Jun Jul Aug Sep Oct Nov Dec

Report for 2018 Dec
                   Monthly Climatological Summary for Dec 2018

Name: Whetstone Weather   City: Leicester   State: England
Elevation: 68 m  Lat: N 52 34 33   Lon: W 001 10 41

                  Temperature (°C), Rain (mm), Wind Speed (mph)

                                      Heat  Cool        Avg
    Mean                              Deg   Deg         Wind                 Dom
Day Temp  High   Time   Low    Time   Days  Days  Rain  Speed High   Time    Dir
----------------------------------------------------------------------------------
04   4.6   5.0   21:16   3.9   19:12   3.1   0.0   0.0   0.3   6.0   21:08     S
05   8.8  12.0   15:22   4.5   01:30   9.5   0.0   4.5   1.8  12.1   06:17    SE
06  11.6  12.6   23:42  10.3   07:28   6.6   0.0   0.6   2.0  13.6   18:04   SSW
07   9.6  13.2   01:12   5.0   19:57   8.6   0.0   6.9   3.0  15.9   22:45   SSW
08   9.8  12.0   12:01   7.3   00:00   8.5   0.0   1.8   3.7  21.3   00:23   WSW
09   8.1  10.3   11:24   5.0   21:21  10.1   0.0   1.8   2.6  15.2   01:27     W
10   6.7   8.6   14:04   4.3   04:50  11.6   0.0   0.0   0.7  11.4   12:52     W
11   4.3   9.2   12:26   1.0   06:05  14.0   0.0   0.0   0.5   6.0   20:28     E
12   4.1   6.5   11:09   1.0   22:27  14.2   0.0   0.3   1.3   8.3   16:29     E
13   2.3   6.2   12:35  -1.3   22:30  16.0   0.0   0.0   1.6  14.5   12:59     E
14   0.6   4.6   13:26  -3.0   04:11  17.7   0.0   0.0   0.3   7.6   23:52   ENE
15   2.7   7.9   22:42   1.0   07:33  15.6   0.0   9.3   4.5  21.3   15:58    SE
16   5.6   7.7   11:20   3.3   08:09  12.6   0.0   1.5   1.0   9.8   00:17   SSE
17   6.3   9.6   23:13   2.0   05:30  12.0   0.0   0.3   1.6  14.5   23:33   SSE
18   8.9  10.5   07:37   5.4   23:59   9.4   0.0   9.0   5.3  25.9   10:20    SE
19   6.9   9.5   12:12   4.6   02:15  11.3   0.0   1.2   2.4  13.6   21:18   SSE
20   7.4  10.4   12:01   5.2   07:41  10.9   0.0   1.2   2.2  13.0   03:55     S
21   9.0  11.4   12:32   7.2   03:00   9.2   0.0  13.5   1.9  19.0   12:33    SW
22   7.7  11.3   13:10   4.8   23:40  10.6   0.0   0.3   0.9  10.7   02:18     W
23   6.2   7.6   11:21   2.5   23:58  12.1   0.0   6.9   0.7  10.7   15:14   NNW
24   2.1   7.3   13:36  -1.7   22:28  16.1   0.0   0.3   0.1   3.8   13:42     E
25   5.1  13.1   16:47  -0.7   02:36  13.2   0.0   0.0   0.2   5.4   08:45   SSW
26   8.9  10.4   13:49   7.9   00:00   9.4   0.0   0.3   0.6   9.2   14:57   SSW
27   8.1   9.1   13:12   7.6   07:24  10.2   0.0   0.0   0.1   3.1   00:08    SW
28   8.7  10.4   13:15   7.5   07:52   9.6   0.0   0.0   0.4   7.6   22:00   WSW
29   9.4  13.5   13:09   4.5   22:01   8.9   0.0   0.0   1.8  15.9   14:57     W
30   9.5  11.8   11:49   4.7   00:27   8.8   0.0   0.0   0.7   9.2   11:54     W
31   9.5  10.0   12:27   8.9   08:13   8.8   0.0   0.0   1.4  11.4   20:41     W
----------------------------------------------------------------------------------
     6.9  13.5    29    -3.0    14   308.6   0.0  59.7   1.6  25.9    18       S

Max >=  27.0  0
Max <=   0.0  0
Min <=   0.0  4
Min <= -18.0  0
Max Rain: 13.5 on day 21
Days of Rain: 17 (>= 0.2 mm)  6 (>= 2.0 mm)  0 (>= 20.0 mm)
Heat Base: 18.3  Cool Base: 18.3  Method: Integration
:now::gauges::today::yesterday::this month::this year::records::monthly records::top 10 records::NOAA reports::trends::forum:


Page updated 16/01/2019 16:15:54
powered by Cumulus