NOAA-Style Climate Reports

Select a Year or Month report
2018 > Jan Feb Mar Apr May Jun Jul Aug Sep Oct Nov Dec

Report for 2018 Oct
                   Monthly Climatological Summary for Oct 2018

Name: Whetstone Weather   City: Whetstone   State: England
Elevation: 81 m  Lat: N 52 34 32   Lon: W 001 10 41

                  Temperature (°C), Rain (mm), Wind Speed (mph)

                                      Heat  Cool        Avg
    Mean                              Deg   Deg         Wind                 Dom
Day Temp  High   Time   Low    Time   Days  Days  Rain  Speed High   Time    Dir
----------------------------------------------------------------------------------
01   9.7  15.5   12:44   2.4   07:27   8.6   0.0   0.3   2.5  12.1   13:28   WNW
02  14.0  18.1   15:37   9.3   02:01   4.3   0.0   0.0   6.4  21.3   13:38     W
03  14.3  18.2   16:33  10.7   23:13   4.0   0.0   0.0   2.4  13.0   13:55   WNW
04  14.6  21.0   14:53   9.8   05:40   4.0   0.3   0.0   2.6  12.1   17:37   SSW
05  14.9  20.1   14:05  11.2   23:57   3.5   0.1   0.0   2.5   8.3   02:52     S
06   8.2  11.2   00:00   4.6   23:59  10.1   0.0   5.3   4.1  13.6   08:47   NNW
07   7.3  14.0   15:05   0.5   06:57  11.0   0.0   0.3   1.7   8.3   14:41     S
08  12.9  17.9   14:04   8.5   06:47   5.4   0.0   0.0   3.7  14.5   14:49   SSW
09  14.9  20.3   14:59  10.5   07:42   3.6   0.3   0.0   3.7  14.5   14:47     S
10  15.3  23.6   13:43   7.0   05:09   4.2   1.2   0.0   3.5  14.5   15:28     E
11  16.6  21.3   15:03  13.3   03:38   2.2   0.5   0.0   6.3  20.6   12:08    SE
12  16.3  19.2   16:23  12.3   01:19   2.2   0.2   6.3  10.2  33.6   14:18   SSE
13  20.2  24.7   14:22  17.6   04:30   0.1   1.9   0.3  10.8  31.1   14:30   SSE
14  11.5  18.5   00:00   9.1   20:59   6.8   0.0  17.4   3.9  14.5   12:43   NNW
15  10.2  11.1   14:58   9.0   01:47   8.1   0.0   6.0   4.5  17.4   11:22     N
16  13.2  15.9   15:02  10.9   00:00   5.0   0.0   0.0   2.1   9.2   13:37   SSE
17  13.1  18.6   13:08   7.5   23:57   5.2   0.0   0.3   1.5   6.0   11:16   WNW
18   9.3  14.9   13:37   3.4   23:54   9.0   0.0   0.0   1.4   6.9   08:20     N
19   7.5  15.9   12:44   1.5   04:24  10.8   0.0   0.0   0.9   7.6   14:11     W
20  10.5  17.5   15:08   5.3   05:18   7.8   0.0   0.0   1.0   9.2   13:34    SW
21  12.0  19.1   14:06   6.9   07:23   6.3   0.0   0.3   2.7  13.6   20:30     W
22   8.5  14.3   14:15   1.8   07:39   9.8   0.0   0.0   2.2  15.2   11:02    NW
23  11.0  15.1   14:19   5.6   01:15   7.3   0.0   0.0   5.7  22.1   12:32     W
24  11.6  14.0   11:13   7.9   20:07   6.7   0.0   0.0   5.4  16.8   04:48     W
25  10.6  14.3   14:12   7.0   02:24   7.7   0.0   0.0   3.4  11.4   11:47     W
26   8.2  10.0   10:06   3.9   23:19  10.1   0.0   0.0   4.3  14.5   12:35     W
27   3.9   5.8   10:50   0.2   06:43  14.4   0.0   6.0   4.7  15.2   12:04    NW
28   5.4  10.1   10:50   1.4   23:44  13.5   0.0   0.0   4.2  14.5   10:55     N
29   3.3   8.7   13:15  -0.8   04:31  15.0   0.0   0.3   2.3   9.8   10:15   NNW
30   5.1   9.1   12:33   1.2   01:15  13.2   0.0   0.0   3.4  11.4   13:33   WNW
31   6.0  13.0   13:50  -2.8   05:14  12.3   0.0   0.3   2.6  11.4   12:31    SE
----------------------------------------------------------------------------------
    11.0  24.7    13    -2.8    31   232.2   4.5  43.1   3.8  33.6    12     WSW

Max >=  27.0  0
Max <=   0.0  0
Min <=   0.0  2
Min <= -18.0  0
Max Rain: 17.4 on day 14
Days of Rain: 12 (>= 0.2 mm)  5 (>= 2.0 mm)  0 (>= 20.0 mm)
Heat Base: 18.3  Cool Base: 18.3  Method: Integration
:now::gauges::today::yesterday::this month::this year::records::monthly records::top 10 records::NOAA reports::trends::forum:


Page updated 21/11/2018 04:09:24
powered by Cumulus