NOAA-Style Climate Reports

Select a Year or Month report
2018 > Jan Feb Mar Apr May Jun Jul Aug Sep Oct Nov Dec

Report for 2018 Sep
                   Monthly Climatological Summary for Sep 2018

Name: Whetstone Weather   City: Whetstone   State: England
Elevation: 81 m  Lat: N 52 34 32   Lon: W 001 10 41

                  Temperature (°C), Rain (mm), Wind Speed (mph)

                                      Heat  Cool        Avg
    Mean                              Deg   Deg         Wind                 Dom
Day Temp  High   Time   Low    Time   Days  Days  Rain  Speed High   Time    Dir
----------------------------------------------------------------------------------
01  17.9  26.0   15:54   9.1   05:33   2.8   2.4   0.0   2.1  12.1   12:18    SE
02  19.3  27.0   15:33  11.8   05:05   1.6   2.6   0.0   1.9  10.7   11:34    SE
03  17.9  24.9   14:21  13.8   06:12   1.6   1.2   0.0   2.1   9.8   16:58    NW
04  14.8  16.5   14:37  12.6   23:34   3.5   0.0   0.0   2.5   8.3   00:46   NNW
05  16.0  20.8   16:53  12.4   06:55   2.6   0.3   0.0   2.1   9.2   13:21   NNW
06  12.5  18.9   13:09   7.4   05:27   5.9   0.0   5.4   1.7  10.7   17:02   WNW
07  12.2  16.9   17:22   7.6   04:42   6.1   0.0   0.0   3.3  14.5   13:44    NW
08  14.1  17.9   14:22   9.0   00:48   4.2   0.0   0.0   2.8  11.4   17:32    SW
09  16.9  22.7   13:43  12.8   23:40   2.1   0.7   0.3   3.9  13.0   10:41   SSW
10  15.8  19.8   17:21  11.5   05:23   2.7   0.2   0.0   3.6  13.6   20:35   WSW
11  17.2  19.8   15:40  14.9   23:54   1.1   0.1   2.7   3.9  17.4   02:25    SW
12  13.3  18.3   15:19   8.4   23:55   5.0   0.0   3.0   1.6   9.2   15:26   WNW
13  12.7  19.9   14:30   5.0   04:59   5.7   0.0   0.0   1.7  12.1   15:23   WNW
14  14.2  19.7   15:19   9.4   00:40   4.1   0.0   0.6   2.9  13.6   19:13   WSW
15  15.1  21.7   14:59   9.0   05:56   3.7   0.4   0.0   2.2  13.6   15:47    SW
16  17.2  22.5   12:53  13.0   02:38   2.0   0.9   0.0   4.6  15.2   06:35     S
17  19.4  23.8   16:58  16.4   23:04   0.4   1.6   0.9   4.2  14.5   13:47   SSE
18  19.2  23.1   13:26  16.2   02:24   0.3   1.2   0.0   7.4  20.6   16:19     S
19  17.8  23.8   13:07  13.1   23:07   1.5   0.9   0.6   6.8  24.4   14:32     S
20  15.1  20.0   15:35  11.3   05:58   3.4   0.2  15.3   5.3  32.0   23:28   SSE
21  12.6  17.6   00:00   9.3   06:47   5.7   0.0   4.2   6.7  22.8   16:02   WSW
22  10.8  13.4   11:20   9.5   05:29   7.5   0.0   0.9   2.0   8.3   13:30    SW
23  10.5  14.8   13:50   5.1   23:54   7.8   0.0   1.2   2.9  15.2   13:53    NW
24   9.7  16.9   13:49   4.5   23:46   8.6   0.0   0.0   2.2  13.0   11:43    NW
25  10.4  18.2   13:36   0.6   06:52   7.9   0.0   0.0   2.3  15.2   13:44     S
26  15.1  22.6   15:00   8.9   07:04   4.0   0.8   0.0   2.6   9.2   04:47    SW
27  17.7  23.8   13:11  11.6   22:44   2.1   1.5   0.0   2.4  12.1   15:32     W
28  11.6  16.4   15:22   4.6   23:54   6.7   0.0   0.0   3.4   9.8   00:53     N
29   9.1  17.7   13:19   1.1   06:05   9.2   0.0   0.0   1.3   9.2   14:42   WSW
30   9.1  14.4   14:27   3.6   06:31   9.2   0.0   0.0   2.9  12.1   12:22   WNW
----------------------------------------------------------------------------------
    14.5  27.0     2     0.6    25   129.0  15.0  35.1   3.2  32.0    20      SW

Max >=  27.0  1
Max <=   0.0  0
Min <=   0.0  0
Min <= -18.0  0
Max Rain: 15.3 on day 20
Days of Rain: 11 (>= 0.2 mm)  5 (>= 2.0 mm)  0 (>= 20.0 mm)
Heat Base: 18.3  Cool Base: 18.3  Method: Integration
:now::gauges::today::yesterday::this month::this year::records::monthly records::top 10 records::NOAA reports::trends::forum:


Page updated 21/11/2018 03:47:47
powered by Cumulus