NOAA-Style Climate Reports

Select a Year or Month report
2018 > Jan Feb Mar Apr May Jun Jul Aug Sep Oct Nov Dec

Report for 2018 Aug
                   Monthly Climatological Summary for Aug 2018

Name: Whetstone Weather   City: Whetstone   State: England
Elevation: 81 m  Lat: N 52 34 32   Lon: W 001 10 41

                  Temperature (°C), Rain (mm), Wind Speed (mph)

                                      Heat  Cool        Avg
    Mean                              Deg   Deg         Wind                 Dom
Day Temp  High   Time   Low    Time   Days  Days  Rain  Speed High   Time    Dir
----------------------------------------------------------------------------------
01  19.3  25.4   16:12  12.0   05:04   1.3   2.3   0.0   2.2  13.0   15:16    SW
02  22.1  30.6   15:23  13.9   05:42   0.7   4.5   0.0   2.3   9.2   12:12     W
03  22.1  29.1   13:33  15.6   05:39   0.3   4.1   0.0   1.9   8.3   12:58   WNW
04  21.3  27.4   17:10  14.8   05:40   0.4   3.4   0.0   2.3   9.2   14:04    NW
05  22.1  31.3   16:01  13.5   05:25   1.2   5.0   0.0   1.7   9.8   15:22   SSW
06  22.7  30.4   15:29  15.4   05:37   0.4   4.9   0.0   1.7  11.4   13:28     W
07  22.1  30.6   16:16  14.5   05:17   0.7   4.5   0.0   2.5  10.7   19:40     W
08  18.7  24.3   13:11  13.9   05:57   1.0   1.4   0.0   3.1  12.1   11:55   WNW
09  16.6  20.7   17:18  13.1   23:58   2.1   0.5   0.0   1.4   7.6   19:22    NW
10  14.4  18.7   17:16   9.8   23:57   3.9   0.0   0.0   2.7  12.1   10:51     W
11  16.1  23.6   13:53   7.8   05:13   3.4   1.2   9.0   3.3  14.5   14:08    SE
12  17.6  20.5   14:31  16.2   00:06   0.9   0.2   4.2   4.1  13.6   12:22    SE
13  19.0  25.1   15:54  15.3   23:57   0.9   1.5   0.0   3.5  15.2   16:49   WNW
14  18.6  24.0   16:42  11.3   05:45   1.8   2.1   0.0   2.1  10.7   13:29    NW
15  19.7  25.3   12:57  14.0   04:34   0.9   2.3   0.0   3.8  13.6   12:53    SW
16  17.8  21.8   15:05  11.9   23:47   1.1   0.6   9.9   3.6  14.5   12:37    SW
17  16.3  21.5   15:25  10.1   04:58   2.7   0.7   0.0   2.9  13.0   14:51   WSW
18  19.1  24.1   15:20  16.0   00:01   0.7   1.5   0.0   3.8  12.1   14:46   WSW
19  19.8  23.1   16:25  17.0   23:56   0.1   1.7   0.0   4.1  14.5   12:04   WSW
20  19.8  24.1   14:47  14.0   03:00   0.8   2.4   0.3   1.2   8.3   13:18   WSW
21  20.6  25.3   15:05  16.4   23:59   0.1   2.5   0.0   1.5   9.8   14:37   WSW
22  19.8  26.3   15:31  14.0   03:49   1.2   2.8   0.0   2.4  11.4   16:32   WNW
23  16.4  21.2   13:49  11.8   23:59   2.3   0.4   9.3   2.9  15.2   18:18   WNW
24  12.8  18.4   13:09   8.8   23:02   5.5   0.0   1.5   3.4  18.3   18:50    NW
25  13.3  19.7   14:52   8.1   05:02   5.0   0.1   0.0   3.2  13.0   13:02   WNW
26  13.2  17.6   18:52   8.6   01:05   5.1   0.0   9.0   3.4  15.2   13:50    SE
27  16.2  20.5   14:21  12.7   06:24   2.3   0.2   0.0   3.3  14.5   12:41    NW
28  16.3  19.2   10:12  12.5   06:19   2.0   0.0   0.0   1.5  10.7   10:42   SSW
29  15.4  21.7   13:34   9.7   23:58   3.1   0.3   3.6   2.6  13.6   14:31   WNW
30  14.2  21.4   14:54   6.7   06:26   4.6   0.4   0.0   1.2   8.3   13:39   NNW
31  14.9  22.3   15:34   6.6   05:54   4.2   0.9   0.0   1.6   7.6   12:14     E
----------------------------------------------------------------------------------
    18.0  31.3     5     6.6    31    60.7  52.4  46.8   2.6  18.3    24       W

Max >=  27.0  6
Max <=   0.0  0
Min <=   0.0  0
Min <= -18.0  0
Max Rain: 9.9 on day 16
Days of Rain: 8 (>= 0.2 mm)  6 (>= 2.0 mm)  0 (>= 20.0 mm)
Heat Base: 18.3  Cool Base: 18.3  Method: Integration
:now::gauges::today::yesterday::this month::this year::records::monthly records::top 10 records::NOAA reports::trends::forum:


Page updated 21/11/2018 03:49:42
powered by Cumulus