NOAA-Style Climate Reports

Select a Year or Month report
2018 > Jan Feb Mar Apr May Jun Jul Aug Sep Oct Nov Dec

Report for 2018 Jul
                   Monthly Climatological Summary for Jul 2018

Name: Whetstone Weather   City: Whetstone   State: England
Elevation: 81 m  Lat: N 52 34 32   Lon: W 001 10 41

                  Temperature (°C), Rain (mm), Wind Speed (mph)

                                      Heat  Cool        Avg
    Mean                              Deg   Deg         Wind                 Dom
Day Temp  High   Time   Low    Time   Days  Days  Rain  Speed High   Time    Dir
----------------------------------------------------------------------------------
01  21.9  30.8   15:20  12.7   05:00   1.4   5.0   0.0   2.9  10.7   12:14   NNE
02  21.2  29.1   15:28  13.8   04:50   1.0   3.9   0.0   4.3  15.2   18:41   NNE
03  19.3  25.3   16:02  12.4   04:55   1.7   2.6   0.0   3.8  12.1   10:44   NNE
04  20.0  28.2   18:18  12.5   02:32   1.6   3.2   0.0   2.4   8.3   12:01    NE
05  23.7  31.5   15:39  14.6   05:11   0.6   6.0   0.0   2.2  13.0   15:25    NW
06  23.1  30.4   17:05  15.5   04:00   0.5   5.3   0.0   2.0  11.4   14:36    NW
07  23.4  30.4   16:11  15.8   04:54   0.2   5.3   0.0   2.2   9.2   13:07    NW
08  23.8  30.8   15:15  15.1   04:47   0.4   5.9   0.0   2.3   9.2   12:45     N
09  21.0  27.6   13:16  15.1   04:51   0.6   3.3   0.0   2.6  10.7   11:36     N
10  19.4  25.1   18:21  14.1   05:01   0.9   2.1   0.0   3.2  12.1   12:21     N
11  18.3  26.1   17:30  12.6   03:56   2.0   2.0   0.0   2.6   8.3   21:19   NNE
12  18.3  25.4   16:03  13.4   04:07   1.9   2.0   0.0   2.4  10.7   13:34   NNE
13  19.6  26.7   14:07  13.7   01:52   1.4   2.7   0.0   2.5   9.2   17:25   ENE
14  22.4  30.4   16:14  14.0   05:30   0.6   4.7   0.0   2.1   9.2   16:01   WSW
15  22.6  30.4   15:47  13.7   04:46   0.8   5.1   0.0   2.0  10.7   15:19     W
16  21.9  29.5   15:01  14.1   04:32   0.7   4.3   0.0   2.1   9.8   19:51     W
17  19.2  24.3   16:06  12.6   05:28   1.1   1.9   0.0   2.5  10.7   01:09   WNW
18  19.5  25.4   16:03  12.0   05:04   1.3   2.6   0.0   1.3   9.8   14:18   WNW
19  21.0  29.3   17:03  12.8   04:47   1.2   3.9   0.0   1.0   8.3   15:27    SE
20  20.5  29.5   14:43  13.7   04:46   0.7   2.9   0.3   1.9  11.4   16:04    NW
21  20.3  26.8   14:44  12.4   05:30   1.2   3.2   0.0   1.8   7.6   19:17   WNW
22  20.9  29.0   17:09  14.6   05:58   0.6   3.2   0.0   1.9   9.8   13:20    NW
23  24.8  32.6   14:00  16.3   05:23   0.2   6.7   0.0   1.9  13.0   15:43   SSW
24  23.1  30.9   16:11  16.5   04:36   0.2   5.0   0.0   2.5  10.7   11:31   WNW
25  22.1  29.5   16:16  14.1   05:31   0.4   4.2   0.0   1.8   8.3   12:48    NW
26  25.3  33.5   16:27  16.6   05:50   0.2   7.2   0.0   3.4  17.4   17:48    SE
27  25.2  31.9   15:34  18.7   05:28   0.0   6.9   0.0   2.8   9.8   16:50   SSE
28  17.7  22.4   14:24  12.9   16:45   1.4   0.7  10.2   5.8  18.3   10:08   SSE
29  17.1  21.5   16:28  14.7   01:09   1.6   0.4  12.6   7.1  19.7   09:01    SE
30  18.9  23.6   13:45  13.9   01:29   1.1   1.7   2.4   3.4  15.9   14:56   SSE
31  19.4  25.6   16:19  13.8   07:04   1.1   2.2   2.4   2.5  13.6   16:53    SW
----------------------------------------------------------------------------------
    21.1  33.5    26    12.0    18    28.6 116.1  27.9   2.7  19.7    29       N

Max >=  27.0 19
Max <=   0.0  0
Min <=   0.0  0
Min <= -18.0  0
Max Rain: 12.6 on day 29
Days of Rain: 5 (>= 0.2 mm)  4 (>= 2.0 mm)  0 (>= 20.0 mm)
Heat Base: 18.3  Cool Base: 18.3  Method: Integration
:now::gauges::today::yesterday::this month::this year::records::monthly records::top 10 records::NOAA reports::trends::forum:


Page updated 21/11/2018 04:17:12
powered by Cumulus