NOAA-Style Climate Reports

Select a Year or Month report
2018 > Jan Feb Mar Apr May Jun Jul Aug Sep Oct Nov Dec

Report for 2018 Jun
                   Monthly Climatological Summary for Jun 2018

Name: Whetstone Weather   City: Whetstone   State: England
Elevation: 81 m  Lat: N 52 34 32   Lon: W 001 10 41

                  Temperature (°C), Rain (mm), Wind Speed (mph)

                                      Heat  Cool        Avg
    Mean                              Deg   Deg         Wind                 Dom
Day Temp  High   Time   Low    Time   Days  Days  Rain  Speed High   Time    Dir
----------------------------------------------------------------------------------
01  20.1  29.0   15:43  15.3   06:02   0.9   2.7   0.0   1.7   7.6   15:00     E
02  19.4  26.2   18:17  15.5   02:20   0.7   1.9   0.0   2.0   9.2   09:47    NW
03  21.7  29.5   13:45  12.4   04:39   1.0   4.4   0.0   1.7   7.6   20:37     N
04  16.1  19.0   12:20  13.1   23:43   2.2   0.0   0.0   2.8  10.7   17:17   NNE
05  14.9  21.5   18:04  11.5   23:59   3.7   0.3   0.0   3.2  10.7   07:44   NNE
06  15.8  22.7   16:50   9.3   05:14   3.4   0.9   0.0   2.5  11.4   14:39     N
07  16.6  22.7   14:20  10.8   05:25   2.6   0.8   0.0   2.8  12.1   11:55   NNE
08  16.2  21.6   16:21  12.9   23:57   2.5   0.3   0.0   2.3   9.2   12:39   NNE
09  15.5  22.1   15:50  10.9   04:37   3.2   0.4   0.0   1.9   6.9   16:27    NE
10  17.5  25.5   16:59   9.6   05:06   2.6   1.9   0.0   2.2   9.8   12:14   ENE
11  19.3  29.0   15:02  10.5   04:10   2.4   3.4   0.0   2.1   8.3   15:09    NE
12  16.3  21.3   15:21  12.4   23:59   2.5   0.5   0.0   3.0  10.7   11:03     N
13  17.9  24.2   12:29   9.4   05:15   2.3   1.8   0.0   3.2  13.6   18:21   SSW
14  17.7  22.8   17:05  12.1   23:58   1.5   0.9   0.0   5.7  19.0   11:22   WSW
15  16.7  23.3   13:42   8.9   04:48   2.8   1.2   0.0   2.1  10.7   13:50     W
16  15.8  22.2   13:14  12.3   05:05   2.8   0.4   0.9   3.3  16.8   15:09     S
17  15.9  19.8   13:23  12.1   00:12   2.4   0.0   0.3   3.6  15.2   13:59     S
18  19.5  24.3   12:51  15.0   00:24   0.8   2.0   0.0   4.1  14.5   15:38   WSW
19  20.2  25.6   15:54  16.2   07:55   0.4   2.3   0.0   3.0  11.4   02:24   WSW
20  18.6  25.1   14:23  11.7   23:57   1.4   1.6   0.0   4.8  14.5   19:02     W
21  15.3  22.3   15:58   8.5   04:01   3.6   0.6   0.0   4.4  17.4   08:18    NW
22  17.5  26.5   17:50   7.4   03:40   3.1   2.3   0.0   2.2   9.8   12:38    NW
23  17.0  23.1   13:30   9.5   04:15   2.7   1.4   0.0   2.4  11.4   14:39    NW
24  19.5  29.3   17:35   7.5   04:53   2.6   3.8   0.0   1.5   6.9   11:27    NE
25  22.8  32.0   18:23  10.3   04:51   1.6   6.1   0.0   2.0  10.7   19:42     N
26  22.5  31.3   16:22  10.8   04:59   1.4   5.6   0.0   2.2  10.7   16:55    NE
27  19.9  29.5   16:35  12.4   03:51   2.0   3.5   0.0   2.8  10.7   19:43   NNE
28  20.7  30.0   16:08  12.3   04:35   1.7   4.1   0.0   3.1   9.8   15:27   NNE
29  20.1  29.9   16:15  11.9   03:30   2.0   3.8   0.0   3.5  10.7   15:16   NNE
30  21.5  31.1   14:26  13.4   02:11   1.3   4.5   0.0   4.1  12.1   11:33   NNE
----------------------------------------------------------------------------------
    18.3  32.0    25     7.4    22    64.1  63.4   1.2   2.9  19.0    14     NNW

Max >=  27.0 10
Max <=   0.0  0
Min <=   0.0  0
Min <= -18.0  0
Max Rain: 0.9 on day 16
Days of Rain: 2 (>= 0.2 mm)  0 (>= 2.0 mm)  0 (>= 20.0 mm)
Heat Base: 18.3  Cool Base: 18.3  Method: Integration
:now::gauges::today::yesterday::this month::this year::records::monthly records::top 10 records::NOAA reports::trends::forum:


Page updated 21/11/2018 03:47:34
powered by Cumulus