NOAA-Style Climate Reports

Select a Year or Month report
2018 > Jan Feb Mar Apr May Jun Jul Aug Sep Oct Nov Dec

Report for 2018 May
                   Monthly Climatological Summary for May 2018

Name: Whetstone Weather   City: Whetstone   State: England
Elevation: 68 m  Lat: N 52 34 33   Lon: W 001 10 41

                  Temperature (°C), Rain (mm), Wind Speed (mph)

                                      Heat  Cool        Avg
    Mean                              Deg   Deg         Wind                 Dom
Day Temp  High   Time   Low    Time   Days  Days  Rain  Speed High   Time    Dir
----------------------------------------------------------------------------------
01  10.2  17.3   12:19   1.0   05:47   8.1   0.0   0.0   4.8  15.9   22:27     S
02  10.3  14.6   13:32   5.3   23:57   8.0   0.0  10.2   6.8  20.6   06:55     S
03  11.3  18.7   15:59   2.1   03:22   7.0   0.0   0.0   2.2   9.8   14:24   SSW
04  14.6  20.3   15:40   6.6   02:18   3.9   0.1   0.0   1.7   9.2   09:15     W
05  17.1  25.9   15:47   6.2   05:37   3.4   2.3   0.9   1.6   9.2   14:21   SSE
06  18.5  27.5   17:21   8.3   05:51   2.8   3.0   0.0   2.0   8.3   11:42   ESE
07  20.7  29.8   13:22   8.8   05:16   2.3   4.7   0.0   2.0  11.4   15:55   ESE
08  18.4  26.1   12:11  10.4   23:59   2.5   2.6   0.0   2.9  12.1   14:28   WSW
09  14.4  21.3   12:06   6.8   04:13   4.3   0.4   0.0   2.4  13.6   12:12   SSW
10  13.4  20.0   16:18   8.4   23:38   5.0   0.1   2.1   3.2  16.8   13:32   WNW
11  12.8  18.8   13:45   5.6   03:29   5.5   0.0   0.3   4.9  21.3   15:21    SE
12  13.3  19.4   11:30   8.4   05:50   5.0   0.0   4.5   1.8   9.2   14:56   SSE
13  14.2  21.2   16:32   7.6   05:05   4.5   0.5   0.3   2.1  10.7   14:28   WNW
14  15.7  24.6   16:15   4.0   05:07   3.9   1.4   0.0   2.5  11.4   13:51     N
15  17.8  27.1   15:56   6.8   05:03   2.9   2.4   0.0   2.5  10.7   14:36     N
16  13.3  15.7   11:50   8.3   23:56   5.0   0.0   0.0   5.4  17.4   07:37   NNE
17  12.1  18.7   15:52   4.7   05:12   6.2   0.0   0.0   3.5  13.6   08:14   NNE
18  13.6  20.7   16:02   2.4   05:02   5.0   0.4   0.0   1.5   6.0   12:23    NW
19  16.6  25.0   11:56   5.2   05:12   3.6   1.9   0.0   2.0  12.1   13:58     E
20  17.8  25.9   16:31   7.5   04:25   2.9   2.4   0.0   2.6  12.1   15:00   ESE
21  18.3  26.5   15:20   7.5   04:47   2.7   2.7   0.0   2.6   9.8   11:18   NNE
22  16.7  23.3   15:49  11.2   04:51   2.7   1.1   0.0   5.2  15.2   11:27     N
23  14.3  21.1   16:22  10.2   23:45   4.3   0.4   0.0   5.2  13.6   12:27   NNE
24  14.9  23.7   16:32   9.7   02:35   4.4   1.0   1.5   4.7  13.6   00:06   NNE
25  13.3  15.8   15:57  11.2   05:53   5.0   0.0  19.8   3.3  12.1   05:13     N
26  17.0  24.3   15:44  12.3   05:24   2.6   1.3   0.0   4.6  14.5   15:49   NNE
27  19.2  27.9   15:18  11.5   03:43   2.1   2.9   7.8   4.4  17.4   04:25   NNE
28  18.3  26.9   16:32  13.1   03:48   2.0   2.0   0.0   3.3  15.2   14:11     N
29  15.8  21.2   15:16  12.8   06:01   2.8   0.4   0.0   4.9  14.5   18:59   NNE
30  14.8  16.8   17:31  13.6   05:36   3.5   0.0   5.4   2.2  12.1   01:16     N
31  19.1  25.1   17:17  15.1   00:00   1.1   1.9   0.0   2.4   9.2   16:41    NE
----------------------------------------------------------------------------------
    15.4  29.8     7     1.0     1   125.0  35.9  52.8   3.3  21.3    11     NNE

Max >=  27.0  4
Max <=   0.0  0
Min <=   0.0  0
Min <= -18.0  0
Max Rain: 19.8 on day 25
Days of Rain: 10 (>= 0.2 mm)  6 (>= 2.0 mm)  0 (>= 20.0 mm)
Heat Base: 18.3  Cool Base: 18.3  Method: Integration
:now::gauges::today::yesterday::this month::this year::records::monthly records::top 10 records::NOAA reports::trends::forum:


Page updated 21/11/2018 03:47:52
powered by Cumulus