NOAA-Style Climate Reports

Select a Year or Month report
2018 > Jan Feb Mar Apr May Jun Jul Aug Sep Oct Nov Dec

Report for 2018 Apr
                   Monthly Climatological Summary for Apr 2018

Name: Whetstone Weather   City: Whetstone   State: England
Elevation: 68 m  Lat: N 52 34 33   Lon: W 001 10 41

                  Temperature (°C), Rain (mm), Wind Speed (mph)

                                      Heat  Cool        Avg
    Mean                              Deg   Deg         Wind                 Dom
Day Temp  High   Time   Low    Time   Days  Days  Rain  Speed High   Time    Dir
----------------------------------------------------------------------------------
01   5.0   7.0   16:26   2.8   05:26  13.3   0.0   0.9   3.5   9.2   00:11   NNW
02   7.8  13.4   15:04   1.7   04:53  10.5   0.0  14.1   5.6  17.4   17:45    SE
03  11.7  16.8   13:22   8.5   23:48   6.6   0.0   0.0   5.6  18.3   14:43   SSE
04   9.4  13.3   10:53   5.3   23:59   8.9   0.0   1.2   5.8  20.6   11:10    SE
05   8.1  14.2   15:26   1.9   07:02  10.2   0.0   0.3   4.6  13.6   00:09    SW
06   9.8  16.3   16:05   4.1   05:41   8.5   0.0   0.0   5.1  15.9   12:06   ESE
07  10.9  17.3   14:44   5.1   06:25   7.4   0.0   0.0   1.9   8.3   14:02   ENE
08   9.8  12.0   14:05   7.9   05:59   8.5   0.0   2.1   1.4   6.0   10:58   NNW
09   9.2  12.2   12:54   7.3   06:54   9.1   0.0   6.0   2.9  10.7   20:40    NE
10   8.8  10.6   17:35   6.9   05:30   9.5   0.0   9.9   3.1   9.8   08:18   NNE
11   7.5  10.0   00:00   5.9   09:58  10.8   0.0   4.8   5.3  14.5   08:55   NNE
12   6.1   6.6   13:08   5.6   03:57  12.2   0.0   0.9   5.2  15.2   15:09   NNE
13   8.8  12.7   13:32   5.8   01:18   9.5   0.0   1.8   1.8   8.3   14:55   WSW
14  13.3  19.1   16:08   8.6   06:10   5.0   0.0   0.0   2.3   7.6   12:58    SE
15  11.1  15.9   14:55   7.9   04:47   7.2   0.0   0.9   4.4  14.5   23:51    SE
16  12.5  17.5   13:10   7.3   06:21   5.8   0.0   0.0   5.1  15.9   12:28     S
17  13.4  16.9   13:44  10.7   00:00   4.9   0.0   0.3   8.8  22.1   09:47   SSE
18  18.6  24.9   17:18  13.4   05:12   1.7   2.0   0.0   5.9  13.6   01:59   SSE
19  20.0  29.3   15:59   9.7   06:21   2.3   4.0   0.0   2.0   7.6   12:34     S
20  15.8  23.6   15:54  10.0   06:10   3.7   1.1   0.0   2.3  10.7   12:39   WNW
21  17.3  24.6   14:21   9.4   06:09   2.6   1.6   1.2   3.0  12.1   22:19   ESE
22  16.8  23.7   11:54  10.0   23:54   2.2   0.8   2.7   3.7  12.1   10:55   SSW
23  12.2  17.4   17:02   7.2   13:37   6.1   0.0   0.0   4.5  15.2   18:28    SW
24  11.9  14.1   09:50   9.4   23:31   6.4   0.0   7.8   4.3  16.8   22:08   SSW
25  10.7  15.7   16:05   6.2   05:52   7.6   0.0   0.9   3.8  14.5   11:14   WSW
26  10.7  16.8   16:19   5.3   05:51   7.5   0.0   0.0   4.3  16.8   14:04     W
27   7.5   9.7   15:46   5.6   01:22  10.7   0.0   9.6   2.5  10.7   21:47    NE
28   7.3   9.1   16:40   6.1   04:21  11.0   0.0   4.5   3.9   9.8   01:04     N
29   7.0   9.5   13:37   5.6   02:10  11.3   0.0   1.5   5.2  17.4   18:13   NNE
30   7.8  12.2   16:40   4.8   05:28  10.5   0.0   0.0   7.8  22.8   10:18   NNW
----------------------------------------------------------------------------------
    10.9  29.3    19     1.7     2   231.5   9.5  71.4   4.2  22.8    30      SE

Max >=  27.0  1
Max <=   0.0  0
Min <=   0.0  0
Min <= -18.0  0
Max Rain: 14.1 on day 2
Days of Rain: 19 (>= 0.2 mm)  9 (>= 2.0 mm)  0 (>= 20.0 mm)
Heat Base: 18.3  Cool Base: 18.3  Method: Integration
:now::gauges::today::yesterday::this month::this year::records::monthly records::top 10 records::NOAA reports::trends::forum:


Page updated 21/11/2018 03:58:10
powered by Cumulus