NOAA-Style Climate Reports

Select a Year or Month report
2018 > Jan Feb Mar Apr May Jun Jul Aug Sep Oct Nov Dec

Report for 2018 Mar
                   Monthly Climatological Summary for Mar 2018

Name: Whetstone Weather   City: Whetstone   State: England
Elevation: 68 m  Lat: N 52 34 33   Lon: W 001 10 41

                  Temperature (°C), Rain (mm), Wind Speed (mph)

                                      Heat  Cool        Avg
    Mean                              Deg   Deg         Wind                 Dom
Day Temp  High   Time   Low    Time   Days  Days  Rain  Speed High   Time    Dir
----------------------------------------------------------------------------------
07   2.8   3.8   22:43   1.4   20:07   2.7   0.0   0.0   1.6   6.0   22:28   SSE
08   5.2  11.0   14:33   1.3   23:59  13.1   0.0   3.9   4.4  18.3   08:24    SW
09   5.1  11.7   12:35  -1.9   04:49  13.1   0.0   4.8   2.5  10.7   20:15     E
10  11.1  15.2   12:37   6.0   23:57   7.1   0.0   5.4   3.9  17.4   13:43   SSE
11   8.2  13.5   14:11   4.3   02:41  10.1   0.0   5.1   3.1  13.0   14:48   ENE
12   7.1   8.4   09:30   5.4   23:47  11.2   0.0   7.2   4.4  15.2   13:51   NNW
13   7.1  11.7   11:43   1.2   23:44  11.2   0.0   0.3   1.9   7.6   10:19     W
14   8.1  14.5   14:27   0.5   01:11  10.2   0.0   0.0   6.3  20.6   15:40   ESE
15   9.0  12.4   14:52   6.9   05:44   9.3   0.0   8.7   5.1  14.5   02:07     E
16   9.6  15.7   14:28   4.7   23:46   8.7   0.0   0.3   5.3  19.0   08:09   ENE
17   1.1   4.7   00:00  -1.5   23:48  17.2   0.0   0.3   9.3  28.2   13:17   NNE
18  -0.3   0.8   22:46  -1.8   01:14  18.6   0.0   0.0   8.4  21.3   07:40   NNE
19   2.5   5.9   14:39   0.1   05:38  15.8   0.0   0.0   8.5  21.3   12:46   NNE
20   4.6  10.2   14:28  -0.6   23:44  13.7   0.0   0.0   4.0  13.6   10:40   NNW
21   4.8  11.4   12:41  -3.1   04:40  13.5   0.0   0.0   3.0  13.6   14:50     W
22   8.2  12.5   14:34   5.9   03:32  10.1   0.0   0.3   4.0  15.9   22:47   SSW
23   9.3  13.3   14:42   6.7   23:59   9.0   0.0   0.0   5.5  17.4   01:40   SSE
24   8.0  12.0   12:53   5.6   04:54  10.3   0.0   1.2   1.6   6.9   07:34     N
25   9.3  15.1   14:23   3.3   23:58   8.7   0.0   0.0   2.5  12.1   16:03   WNW
26   7.6  14.4   14:45  -0.1   04:30  10.7   0.0   0.0   1.8   9.2   17:01   SSW
27   8.3  13.3   13:36   5.3   06:01  10.0   0.0   6.6   4.9  17.4   15:16   SSW
28   6.4  10.9   15:51   3.0   23:59  11.9   0.0   1.8   2.5  13.6   14:45     W
29   4.8   9.7   13:43  -0.7   06:26  13.8   0.0   6.0   5.2  13.6   14:25   ESE
30   5.9  10.5   13:41   1.3   06:55  12.4   0.0  15.9   3.5  13.0   19:47    NE
31   5.6   7.5   12:33   4.2   23:13  12.7   0.0   4.2   4.7  15.9   18:43   NNW
----------------------------------------------------------------------------------
     6.4  15.7    16    -3.1    21   285.1   0.0  72.0   4.4  28.2    17      NE

Max >=  27.0  0
Max <=   0.0  0
Min <=   0.0  7
Min <= -18.0  0
Max Rain: 15.9 on day 30
Days of Rain: 16 (>= 0.2 mm)  10 (>= 2.0 mm)  0 (>= 20.0 mm)
Heat Base: 18.3  Cool Base: 18.3  Method: Integration
:now::gauges::today::yesterday::this month::this year::records::monthly records::top 10 records::NOAA reports::trends::forum:


Page updated 21/11/2018 04:25:58
powered by Cumulus