NOAA-Style Climate Reports

Select a Year or Month report
V/Λ2019 > Jan Feb Mar Apr May Jun Jul Aug Sep Oct Nov Dec
V/Λ2018 > Jan Feb Mar Apr May Jun Jul Aug Sep Oct Nov Dec

Report for 2019 Mar
                   Monthly Climatological Summary for Mar 2019

Name: Whetstone Weather   City: Leicester   State: England
Elevation: 68 m  Lat: N 52 34 33   Lon: W 001 10 41

                  Temperature (°C), Rain (mm), Wind Speed (mph)

                                      Heat  Cool        Avg
    Mean                              Deg   Deg         Wind                 Dom
Day Temp  High   Time   Low    Time   Days  Days  Rain  Speed High   Time    Dir
----------------------------------------------------------------------------------
02   4.9  12.1   16:12  -0.6   06:00  14.7   0.0   0.0   4.0  13.6   11:07     W
03   9.2  12.6   13:42   6.4   23:56   9.0   0.0   6.0   6.7  30.4   20:43   SSE
04   6.8  11.3   13:17   3.3   23:51  11.5   0.0   0.0   2.7  19.7   09:34     W
05   7.4  13.0   13:12   2.2   06:54  10.9   0.0   3.3   2.5  19.0   12:44   SSE
06  10.5  14.0   12:03   6.6   23:57   7.8   0.0  12.0   5.0  22.1   14:17   SSE
07   6.7   9.5   09:34   4.4   01:54  11.6   0.0   1.8   3.2  19.7   09:50   WSW
08   6.8  10.1   14:06   3.1   06:48  11.5   0.0   1.2   1.8  15.2   13:29   SSW
09   8.3  11.9   11:17   5.5   06:49  10.0   0.0   1.8   2.8  22.8   11:31     W
10   4.9  10.1   13:16   1.2   07:26  13.4   0.0  13.8   3.4  29.8   11:52     W
11   6.7  10.4   12:58   2.7   05:16  11.6   0.0   0.0   4.0  24.4   07:40     W
12   6.7  10.2   07:48   3.6   13:12  11.6   0.0  13.5   4.3  25.9   04:02     S
13   8.1  10.3   14:19   6.4   00:00  10.2   0.0   0.6   4.9  31.1   14:00     W
14   9.6  13.5   13:37   6.9   00:28   8.7   0.0   6.3   4.2  42.9   16:04     W
15  11.4  14.8   09:36   7.8   00:08   6.9   0.0   1.2   3.6  28.9   10:58     W
16   9.9  11.9   09:47   5.2   23:05   8.4   0.0   6.6   4.3  24.4   12:12     S
17   6.4  10.4   12:11   2.4   06:46  11.9   0.0   0.9   2.4  19.0   11:37     W
18   7.4  11.0   15:34   3.3   04:31  10.9   0.0   0.3   1.1  13.0   10:31     W
19  10.4  15.5   11:34   5.9   06:01   7.9   0.0   0.0   0.8   9.2   15:55     S
20  10.7  16.3   14:31   5.4   04:51   7.6   0.0   0.0   1.1  11.4   11:52     S
21  10.8  15.9   10:56   5.6   06:07   7.5   0.0   0.0   0.7   8.3   14:03     S
22  11.2  14.8   13:52   9.7   00:00   7.1   0.0   0.0   1.7  15.9   09:36   SSE
23   9.2  11.9   14:46   6.4   23:20   9.1   0.0   0.0   1.0  12.1   00:26    NW
24   8.4  12.7   14:18   1.5   06:13   9.9   0.0   0.0   2.4  15.9   16:11     W
25   8.6  13.9   14:38   2.6   23:53   9.7   0.0   0.0   2.5  16.8   10:40   WNW
26   7.4  13.6   15:06   0.5   01:18  10.9   0.0   0.0   1.4  12.1   14:52     W
----------------------------------------------------------------------------------
     8.3  16.3    20    -0.6     2   250.3   0.0  69.3   2.7  42.9    14      SW

Max >=  27.0  0
Max <=   0.0  0
Min <=   0.0  1
Min <= -18.0  0
Max Rain: 13.8 on day 10
Days of Rain: 14 (>= 0.2 mm)  7 (>= 2.0 mm)  0 (>= 20.0 mm)
Heat Base: 18.3  Cool Base: 18.3  Method: Integration
:now::gauges::today::yesterday::this month::this year::records::monthly records::top 10 records::NOAA reports::trends::forum:


Page updated 27/03/2019 01:04:55
powered by Cumulus