NOAA-Style Climate Reports

Select a Year or Month report
V/Λ2019 > Jan Feb Mar Apr May Jun Jul Aug Sep Oct Nov Dec
V/Λ2018 > Jan Feb Mar Apr May Jun Jul Aug Sep Oct Nov Dec

Report for 2019 May
                   Monthly Climatological Summary for May 2019

Name: Whetstone Weather   City: Leicester   State: England
Elevation: 68 m  Lat: N 52 34 33   Lon: W 001 10 41

                  Temperature (°C), Rain (mm), Wind Speed (mph)

                                      Heat  Cool        Avg
    Mean                              Deg   Deg         Wind                 Dom
Day Temp  High   Time   Low    Time   Days  Days  Rain  Speed High   Time    Dir
----------------------------------------------------------------------------------
01  12.5  19.4   13:39   6.0   06:14   5.8   0.0   0.3   0.7   7.6   14:41     W
02  10.9  16.5   12:56   4.8   05:37   7.4   0.0   3.0   1.2  16.8   13:31   WNW
03   8.8  13.6   12:39   5.3   23:45   9.5   0.0   2.7   1.2  13.0   13:48     N
04   7.6  12.6   15:20   3.0   23:57  10.7   0.0   0.0   3.1  24.4   14:27   NNW
05   7.4  13.0   14:14   0.0   03:59  10.9   0.0   0.0   0.9   9.2   09:20   WNW
06   8.7  13.7   15:52   4.1   00:27   9.6   0.0   0.0   1.5  12.1   10:06   WNW
07  10.3  16.3   12:27   5.2   04:48   8.0   0.0   0.0   1.0   8.3   20:32     E
08   9.4  12.1   19:06   7.4   05:30   8.8   0.0  14.1   1.2  55.5   01:31   ENE
09   8.5  10.8   14:14   7.1   23:59   9.8   0.0   6.3   1.5   9.8   16:41     N
10   9.3  15.7   14:21   6.5   04:36   9.0   0.0   4.8   0.8  19.7   16:20    NE
11  10.3  16.2   14:28   5.8   23:37   8.0   0.0   0.3   1.2  13.0   15:18   NNW
12  11.1  19.0   15:05   1.4   05:26   7.2   0.0   0.0   0.9   7.6   15:22   ESE
13  13.3  19.2   12:56   3.7   05:39   5.1   0.1   0.0   1.1   9.8   15:53   ESE
14  13.7  20.5   16:13   4.3   05:23   5.0   0.3   0.0   1.5  11.4   14:17     E
15  13.8  20.9   16:58   4.9   05:12   4.9   0.4   0.0   1.3   9.8   19:03   ENE
16  12.7  19.0   16:23   4.9   04:58   5.6   0.0   0.0   2.3  15.9   17:04    NE
17  12.3  18.7   15:17   8.6   00:59   6.0   0.0   0.6   2.9  18.3   11:13   NNE
18  12.5  16.5   16:50   8.7   22:36   5.8   0.0   0.3   0.8   6.9   00:45     N
19  13.5  20.2   13:35   4.9   03:52   4.8   0.1   0.0   0.5   6.9   09:36   NNW
20  15.0  20.5   12:42   7.4   05:50   3.7   0.4   0.0   1.0   9.8   15:07   WNW
21  13.6  21.2   15:19   4.8   04:46   5.1   0.4   0.0   1.5  13.0   15:29   WNW
----------------------------------------------------------------------------------
    11.2  21.2    21     0.0     5   150.7   1.7  32.4   1.3  55.5     8       N

Max >=  27.0  0
Max <=   0.0  0
Min <=   0.0  1
Min <= -18.0  0
Max Rain: 14.1 on day 8
Days of Rain: 9 (>= 0.2 mm)  5 (>= 2.0 mm)  0 (>= 20.0 mm)
Heat Base: 18.3  Cool Base: 18.3  Method: Integration
:now::gauges::today::yesterday::this month::this year::records::monthly records::top 10 records::NOAA reports::trends::forum:


Page updated 22/05/2019 00:28:44
powered by Cumulus