NOAA-Style Climate Reports

Select a Year or Month report
2018 > Jan Feb Mar Apr May Jun Jul Aug Sep Oct Nov Dec

Report for 2018 Nov
                   Monthly Climatological Summary for Nov 2018

Name: Whetstone Weather   City: Whetstone   State: England
Elevation: 81 m  Lat: N 52 34 32   Lon: W 001 10 41

                  Temperature (°C), Rain (mm), Wind Speed (mph)

                                      Heat  Cool        Avg
    Mean                              Deg   Deg         Wind                 Dom
Day Temp  High   Time   Low    Time   Days  Days  Rain  Speed High   Time    Dir
----------------------------------------------------------------------------------
01   7.3  10.4   15:11  -0.4   23:52  11.0   0.0   0.0   2.0   9.8   15:19     W
02   4.7  11.9   12:38  -1.3   01:37  13.6   0.0   0.0   1.6   9.8   12:03   WSW
03  10.5  14.8   12:24   6.5   00:34   7.8   0.0   0.0   7.5  20.6   13:52   SSE
04  10.3  11.9   10:29   7.3   23:21   8.0   0.0   0.6   4.6  19.0   03:29    SE
05  10.4  14.6   13:03   8.1   03:18   7.9   0.0   0.0   2.0   6.9   06:52   ENE
06  12.2  15.6   14:19   8.3   06:39   6.1   0.0   0.3   4.4  16.8   19:39    SE
07  11.8  14.8   10:40   7.9   23:52   6.5   0.0   5.7   6.8  19.7   11:20    SE
08   9.3  13.9   12:38   5.2   03:58   9.0   0.0   0.3   5.3  18.3   12:59    SE
09   9.8  12.3   12:39   6.4   02:49   8.5   0.0   7.8   7.3  22.8   21:28    SE
10   9.9  14.1   12:17   7.4   06:51   8.4   0.0   3.6   4.5  15.2   12:41   SSE
11   9.5  12.9   12:00   7.3   05:15   8.8   0.0   1.8   4.7  19.0   13:41   SSE
12  10.0  14.2   13:05   7.4   07:17   8.3   0.0   2.7   4.6  16.8   13:27   SSE
13   9.8  13.7   13:15   7.2   07:18   8.5   0.0   0.3   4.2  13.0   04:10     S
14  11.6  14.8   11:48   9.1   21:03   6.7   0.0   0.0   5.8  17.4   06:14   SSE
15  12.5  14.6   13:24  10.5   00:18   5.8   0.0   0.0   4.1  10.7   11:39   SSE
16  11.4  12.7   11:55   8.7   23:54   6.9   0.0   0.0   2.6   8.3   23:33     E
17   8.1  10.7   12:26   4.9   23:58  10.2   0.0   0.6   3.7  11.4   06:33    NE
18   6.6  11.8   12:39   3.3   23:56  11.7   0.0   0.3   3.3  11.4   14:52   NNE
19   6.6   9.0   11:57   3.0   00:11  11.7   0.0   1.5   5.6  15.2   16:58   NNE
20   4.8   6.0   11:22   3.5   23:55  13.5   0.0   0.9   5.8  15.9   11:55   NNE
----------------------------------------------------------------------------------
     9.4  15.6     6    -1.3     2   178.9   0.0  26.4   4.5  22.8     9      SE

Max >=  27.0  0
Max <=   0.0  0
Min <=   0.0  2
Min <= -18.0  0
Max Rain: 7.8 on day 9
Days of Rain: 13 (>= 0.2 mm)  4 (>= 2.0 mm)  0 (>= 20.0 mm)
Heat Base: 18.3  Cool Base: 18.3  Method: Integration
:now::gauges::today::yesterday::this month::this year::records::monthly records::top 10 records::NOAA reports::trends::forum:


Page updated 21/11/2018 04:17:54
powered by Cumulus